{"id":30264,"date":"2025-12-13T09:48:11","date_gmt":"2025-12-13T09:48:11","guid":{"rendered":"https:\/\/alfatasarim.net\/ufukcam\/?page_id=30264"},"modified":"2025-12-13T09:58:17","modified_gmt":"2025-12-13T09:58:17","slug":"kurumsal","status":"publish","type":"page","link":"https:\/\/www.ufukdijital.com\/index.php\/kurumsal\/","title":{"rendered":"Kurumsal"},"content":{"rendered":"\t\t<div data-elementor-type=\"wp-page\" data-elementor-id=\"30264\" class=\"elementor elementor-30264\" data-elementor-post-type=\"page\">\n\t\t\t\t\r\n\t\t<div class=\"default no-position show_shadow rs-sticky-default elementor-element elementor-element-a016b1d e-flex e-con-boxed e-con e-parent\" data-id=\"a016b1d\" data-element_type=\"container\">\n\t\t\t\t\t<div class=\"e-con-inner\">\n\t\t\r\n\t\t<div class=\"default no-position show_shadow rs-sticky-default elementor-element elementor-element-ddf1330 e-con-full e-flex e-con e-child\" data-id=\"ddf1330\" data-element_type=\"container\">\n\t\t\r\n\t\t\t\t<div class=\"elementor-element elementor-element-a93a2ba elementor-widget elementor-widget-rs-image\" data-id=\"a93a2ba\" data-element_type=\"widget\" data-widget_type=\"rs-image.default\">\n\t\t\t\t<div class=\"elementor-widget-container\">\n\t\t\t\t\t\n        <div class=\"rs-image no ruler_image_no ruler_position_  \">\n                                                            <img decoding=\"async\" class=\"rs-multi-image  reverse- blend_unset\" src=\"https:\/\/alfatasarim.net\/ufukcam\/wp-content\/uploads\/2025\/12\/IMG-20210917-WA0017.jpg\" alt=\"image\"\/>\n                                                                        <\/div>   \n          \n    \t\t\t\t<\/div>\n\t\t\t\t<\/div>\n\t\t\t\t<\/div>\n\t\t\r\n\t\t<div class=\"default no-position show_shadow rs-sticky-default elementor-element elementor-element-9379cdc e-con-full e-flex e-con e-child\" data-id=\"9379cdc\" data-element_type=\"container\">\n\t\t\r\n\t\t\t\t<div class=\"elementor-element elementor-element-641ee2b elementor-widget__width-initial elementor-widget elementor-widget-rs-heading\" data-id=\"641ee2b\" data-element_type=\"widget\" data-widget_type=\"rs-heading.default\">\n\t\t\t\t<div class=\"elementor-widget-container\">\n\t\t\t\t\t\n\t\t<div class=\"prelements-heading style1  \">\n\t\t\t<div class=\"title-inner\">\n\t\t\t\t<h2 class=\"title rs-split-text-enable split-in-fade\">Hayal Ettikleriniz, <br>Ger\u00e7ek Tasar\u0131mlar.\u201d<\/h2>\n\t\t\t<\/div>\n\t\t\t\t\t\t\t<div class=\"description\">\n\t\t\t\t\t<p><strong data-start=\"1679\" data-end=\"1722\">Ufuk Dijital \u2013 Ufuk Cam Ayna Dekorasyon<\/strong>, Ankara merkezli olarak <strong data-start=\"1747\" data-end=\"1829\">tezgah aras\u0131 cam, gergi tavan, 3D duvar ka\u011f\u0131d\u0131, baklava ayna ve ah\u015fap UV bask\u0131<\/strong> gibi cam dekorasyon \u00e7\u00f6z\u00fcmlerinde hizmet vermektedir.<\/p><p>\u00a0<\/p><p>2015 y\u0131l\u0131ndan itibaren hizmet veren firmam\u0131z g\u00fcn ge\u00e7tik\u00e7e kadrosunu g\u00fc\u00e7lendirerek faaliyetine devam etmektedir. Ufuk Cam i\u00e7in k\u0131saca; \u201c<strong>Ankara'da sert zemin ve rulo malzemeler \u00fczerine UV Bask\u0131 konusunda uzmanla\u015fm\u0131\u015f bir kurulu\u015f<\/strong>\u201d diyebiliriz.<\/p><p>Cam dekorasyonunda yenilik\u00e7i bask\u0131 teknikleri ve geni\u015f tasar\u0131m se\u00e7enekleriyle esteti\u011fi fonksiyonellikle bulu\u015fturuyoruz. UV bask\u0131 teknolojisi sayesinde y\u00fcksek \u00e7\u00f6z\u00fcn\u00fcrl\u00fckl\u00fc, <strong data-start=\"2094\" data-end=\"2130\">dayan\u0131kl\u0131 ve etkileyici y\u00fczeyler<\/strong> tasarl\u0131yor; mek\u00e2nlar\u0131n\u0131za de\u011fer kat\u0131yoruz.<\/p>\t\t\t\t<\/div>\n\t\t\t\t\t<\/div>\n\t\t\t\t<\/div>\n\t\t\t\t<\/div>\n\t\t\t\t<\/div>\n\t\t\t\t\t<\/div>\n\t\t\t\t<\/div>\n\t\t\t\t<\/div>\n\t\t","protected":false},"excerpt":{"rendered":"<p>Hayal Ettikleriniz, Ger\u00e7ek Tasar\u0131mlar.\u201d Ufuk Dijital \u2013 Ufuk Cam Ayna Dekorasyon, Ankara merkezli olarak tezgah aras\u0131 cam, gergi tavan, 3D duvar ka\u011f\u0131d\u0131, baklava ayna ve ah\u015fap UV bask\u0131 gibi cam dekorasyon \u00e7\u00f6z\u00fcmlerinde hizmet vermektedir. \u00a0 2015 y\u0131l\u0131ndan itibaren hizmet veren firmam\u0131z g\u00fcn ge\u00e7tik\u00e7e kadrosunu g\u00fc\u00e7lendirerek faaliyetine devam etmektedir. Ufuk Cam i\u00e7in k\u0131saca; \u201cAnkara&#8217;da sert zemin&#8230;<\/p>\n","protected":false},"author":1,"featured_media":0,"parent":0,"menu_order":0,"comment_status":"closed","ping_status":"closed","template":"","meta":{"footnotes":""},"class_list":["post-30264","page","type-page","status-publish","hentry"],"_links":{"self":[{"href":"https:\/\/www.ufukdijital.com\/index.php\/wp-json\/wp\/v2\/pages\/30264","targetHints":{"allow":["GET"]}}],"collection":[{"href":"https:\/\/www.ufukdijital.com\/index.php\/wp-json\/wp\/v2\/pages"}],"about":[{"href":"https:\/\/www.ufukdijital.com\/index.php\/wp-json\/wp\/v2\/types\/page"}],"author":[{"embeddable":true,"href":"https:\/\/www.ufukdijital.com\/index.php\/wp-json\/wp\/v2\/users\/1"}],"replies":[{"embeddable":true,"href":"https:\/\/www.ufukdijital.com\/index.php\/wp-json\/wp\/v2\/comments?post=30264"}],"version-history":[{"count":7,"href":"https:\/\/www.ufukdijital.com\/index.php\/wp-json\/wp\/v2\/pages\/30264\/revisions"}],"predecessor-version":[{"id":30305,"href":"https:\/\/www.ufukdijital.com\/index.php\/wp-json\/wp\/v2\/pages\/30264\/revisions\/30305"}],"wp:attachment":[{"href":"https:\/\/www.ufukdijital.com\/index.php\/wp-json\/wp\/v2\/media?parent=30264"}],"curies":[{"name":"wp","href":"https:\/\/api.w.org\/{rel}","templated":true}]}}